) + (-10 - -7)
7
What is (94 - 107) + (-1 - (3 - 13))?
-4
Evaluate 2 - 5 - -10 - (-13 + 13 + 26).
-19
5 - (-16 + 7 - -15)
-1
What is 37 - (32 - -7) - 4?
-6
What is the value of 23 + (-3 + -27 - 2) + 16?
7
Evaluate -23 - -1 - (56 + -50).
-28
Calculate (-14 + 1 - 0) + 19.
6
What is -73 - -87 - (0 + 1)?
13
-1 + 0 - (155 + -164)
8
-8 + -11 + -1 + 14 + -8
-14
-2 + (-6 - (0 + 1 + 6)) + 6
-9
What is the value of (29 - 0) + 7 - 28?
8
Evaluate 0 + -2 - (10 + -6).
-6
Calculate 1 + 14 - (-5 + (1 - 2 - -9)).
12
Calculate (4 - 16 - (1 + 5) - -12) + 3.
-3
What is the value of -5 + 0 + 3 + 4?
2
Evaluate 8 + 7 + -16 + 9.
8
Calculate (-3 - -1) + 2 + -4 + (-227 - -237).
6
(-15 + 17 + -7 + 7 - 12) + 10
0
-13 + (2 - 3 - (2 + -14))
-2
What is the value of 15 - (0 - -12 - (10 + (-14 - -6)))?
5
Evaluate -8 - (16 - 15 - 21).
12
Evaluate (-13 - 19 - -19) + 30 + 2.
19
What is the value of (-8 - 1) + -1 - (17 - (-10 - -4))?
-33
What is -7 + -1 + -1 + -41 + 44?
-6
(-3 - -2) + (8 - (13 - -5))
-11
Evaluate (-1 - -8 - 7) + 12 - 6 - -3.
9
Evaluate (5 - (10 - 0)) + (12 + -48 - -12).
-29
What is (-6 + (1 - -3 - 8) - -3) + 19?
12
What is -20 + -2 + (-7 - -9) - (-2 - 4)?
-14
(-93 - -92) + (-9 + -2 - (-2 - 1))
-9
-59 - (31 - 92) - (1 + 0 - 10)
11
(-13 - 5 - 4) + 18 - (15 + -1)
-18
14 - (16 + (2 - -6) + -16)
6
(-55 - (6 + -31)) + 11
-19
Evaluate (3 - -1) + (-7 - (-1 + 8 - 2)).
-8
-11 + 27 + -7 - 18
-9
Calculate -10 + 30 - (3 - (6 - 10)) - 0.
13
Calculate 45 + (18 + -3 - 32) + -1.
27
Evaluate -3 + -8 - (12 - (-26 + 19) - 58).
28
What is 26 + (-25 + 11 - -1)?
13
9 + 19 + -8 - -11
31
What is (24 - 11) + -14 + -8?
-9
Evaluate -10 + 5 + (4 + -10 - -4 - 22).
-29
Calculate (-1 - (-3 + -1)) + (15 - 36).
-18
Evaluate 1 - (0 + 7) - (-16 + (-5 - -17)).
-2
What is the value of 15 + 6 - (29 + 10)?
-18
Calculate (14 - (0 - 1)) + -4 + 8 + -8.
11
What is -13 + (-13 - -7) + -11?
-30
What is the value of (7 - (0 + -1) - -1) + 4?
13
Evaluate (173 - 130) + (-14 - (-6 + 2)).
33
Evaluate ((2 - -8) + -3 - 7 - 29) + 8.
-21
What is the value of -58 + 41 - (3 - -4)?
-24
Evaluate -40 + 49 + -4 + -6.
-1
What is the value of (-160 - -140) + (0 - -27)?
7
Calculate 14 + -17 + (-1 - 3) + 5.
-2
What is the value of 7 + (5 - 6) + -25 + 5?
-14
Evaluate 30 + (-2 - (5 - -10)) - 25.
-12
What is -685 + 703 + (-20 - 0)?
-2
What is -12 - -5 - (-10 - (-14 - 3))?
-14
Evaluate 0 - 2 - ((-2 - 8) + 14) - -33.
27
What is 19 + -11 + -12 - (-22 + -3 + 4)?
17
Evaluate -4 + (-4 + -3 + 0 - -17).
6
What is the value of (0 - -8) + (1111 - 1104)?
15
-19 + (20 - -2) + (3 - 4) + 2
4
Calculate 3 - (-18 - (28 - 22)).
27
Evaluate 6 + -2 + (-2 - -8) + 60 + -60.
10
Calculate 9 - (16 + (-3 - -5)).
-9
What is 5 + (25 - 3 - (14 - 0))?
13
Calculate (-2 - -8) + -4 - (-2 + -2 - -2).
4
Calculate (-14 - (-4 + -1)) + (4 - 11) + 7.
-9
Calculate (27 - 10 - 15) + (1 - 13) - 9.
-19
Calculate 4 - (27 + -28 + 12).
-7
(5 - 2) + (-26 - -25) + (1 - -6)
9
What is the value of -5 - ((8 - 9) + -2 + 1 - -6)?
-9
What is -7 - ((4 - (9 - -6)) + (28 - 9))?
-15
Evaluate 5 - ((15 - 26) + 13 + 0).
3
What is -2 + 36 + (98 - 106 - (-2 + -1))?
29
Evaluate 19 - (21 + 15 + -32).
15
What is the value of -17 - (-177 - -178 - (16 - 0))?
-2
Calculate (180 - 139) + 0 + -22 + 4.
23
What is the value of (4 - (-7 - (0 + -14))) + -9?
-12
Calculate (-53 - (-100 - -38)) + -1 + -3.
5
9 - -3 - (328 - 303)
-13
6 + -1 + -13 + 15 + (-2 - -1)
6
What is 6 + 0 + -9 + 0 + 0 + 1?
-2
What is the value of 679 - 702 - (-21 + 1)?
-3
Evaluate (1 + 1 - 17) + -633 + 644.
-4
Evaluate -25 - ((17 - (8 + 12)) + (3 - 1)).
-24
-38 + 59 - (20 + -5)
6
What is -2 - 5 - (12 + 10 + -38)?
9
What is the value of -8 + -2 - (-282 - -270)?
2
(-4 - -6) + -6 + (6 - -1) - -3
6
Calculate 27 - (16 - 35 - -39).
7
(-2 - 18 - -22) + -5 + -2 + 1
-4
What is (4 + -2 - 6) + -3 - 6?
-13
What is the value of -21 + 27 - -16 - 40?
-18
Evaluate 1091 - 1071 - (3 + 17 + -3).
3
What is 22 - (9 + -7 + 10 + -6)?
16
Calculate 0 + -16 - (-18 - 1 - (119 - 131)).
-9
What is the value of 0 + -14 + 15 + 2 + 1?
4
Calculate (-2 - 10) + (-25 - -41).
4
What is the value of 0 + 2 + -15 + (-8 - (-6 + -7))?
-8
What is the value of 1 - (-1 + (4 - (-6 + 10)) + 3)?
-1
What is -10 + (-15 + 10 - (-47 + 0 + 1))?
31
Calculate -27 + 28 + 1 - (-6 + 1 + 1).
6
(-6 - 1) + (2 + -17 - -42) + -28
-8
Calculate -4 - ((1 - 10) + -24 + 22).
7
Evaluate (-8 - (10 - 17) - 6) + 27.
20
What is the value of -7 + -1 - (-6 - (-9 - -6 - 5))?
-10
Calculate 151 + -143 - (9 - -1).
-2
Evaluate (-3 - -12) + 41 + -53.
-3
What is the value of (-1 - -3) + -6 + 17 + 4?
17
What is (1 + -1 - (-6 - -4)) + (37 - 26)?
13
Evaluate -7 - (31 + -13 + -33).
8
Evaluate (-2 + 3 - -9) + (-127 - -107).
-10
What is 10 + 1 - ((-36 - -6) + 21)?
20
What is (-21 - (-7 - 8)) + -1 + 8?
1
What is the value of 28 + (-6 - (12 - 3))?
13
10 - ((-1 - -8) + (30 - -4) + -42)
11
Evaluate (-3 - -3) + 43 + -45 + -27.
-29
Evaluate 5 + (0 - 2 - (45 + -37)).
-5
Calculate -612 + 574 + 2 + 49.
13
8 + (-6 - ((-7 - -17) + 3))
-11
What is (0 - 1) + 0 + 27 + -22?
4
What is -24 - ((7 - 3) + -10)?
-18
(1 - 11) + (-28 - -24 - -8)
-6
Evaluate -26 - (-6 + -11 + -2 + 8).
-15
What is (2 - -9) + 484 + -501?
-6
What is (0 + -14 - -15) + 0?
1
What is -53 + 51 - (18 + (2 - (-7 + 5)))?
-24
What is the value of -9 + 5 - (-8 + 2) - -1?
3
Calculate 33 - (-1 - 11 - -35).
10
Calculate 2898 + -2894 + ((1 - 1) + -30 - -2).
-24
What is the value of (-1 - -10) + (13 + 1 - (23 - 14))?
14
Calculate 51 + -50 + (19 + 2 - 1) + -2.
19
Evaluate 2 + 2 - (24 - -26 - 39).
-7
Calculate 4 - 0 - (-1600 - -1575).
29
Calculate -2 + -6 + 14 - (-2 + -1 - 17).
26
(6 - 11) + (23 - 1) - (0 + 7)
10
7 + -4 - (-3 + -16 + 10 - -22)
-10
Evaluate -286 + 258 + 32 + 0.
4
What is the value of (-5 - (1 - (-1 - 1))) + -2?
-10
What is 0 + 2 - -6 - (167 + -171)?
12
What is the value of 6 - (2 + -22 - (-176 - -173))?
23
What is the value of -4 + 9 + -10 + -5 - -5?
-5
Evaluate (6 - 1) + (-289 + 313 - (-1 - -32)).
-2
Evaluate -12 + 7 + 0 + -3 + (-227 - -232).
-3
What is (-21 - -40) + (-2 - -4 - (-12 + 20))?
13
What is -16 + 49 + -20 - 21?
-8
Evaluate 13 + (-5 - -2) + -3 + 5 - -5.
17
Calculate 1 + -2 + (83 - 57).
25
Calculate 22 + 3 + (13 - 24) - -12.
26
Evaluate -16 + 8 + -34 + 66.
24
What is the value of -14 - (9 + -46) - 15?
8
Evaluate -6 + 28 + -11 + -5 + 1 + 10.
17
What is (-12 - (18 - 18)) + 19?
7
What is the value of 31 + -8 - (46 - 11)?
-12
What is the value of (19 + 11 - -11) + -33?
8
What is -4 - ((-9 - (-16 - -1)) + -2)?
-8
Evaluate (-26 + -19 - -16) + 14.
-15
(-4 - (-1 + 1 + 2)) + 8 + -2
0
What is the value of (16 - 8) + 20 + -27?
1
(-58 - -70) + (0 - (3 - 3))
12
Evaluate 25 - 33 - -6 - -26.
24
(-23 - -10) + (9 + -13 - (-6 + -2))
-9
Evaluate 29 - (0 + 19 - -1).
9
What is -19 + (-60 - -19) + 11 + 12?
-37
Calculate 6 + (8 - (-6 + 21)) + -4.
-5
Calculate 8 + (2 - 1) - (-20 - -9).
20
2 + (-20 + 18 - (-4 - (2 - 3)))
3
What is the value of -1 + (7 - (3 + -2)) + -3?
2
What is -9 - (-9 + -12 + 3)?
9
What is 1 + (2 - -8) - (8 - -2)?
1
-7 - (-38 - -20) - 12
-1
Evaluate -1 - -4 - (19 + -43 + 32).
-5
4 - (52 + -9 + -30)
-9
Evaluate 1 + 0 - (-2 + -1 + 2 + 9).
-7
Evaluate 48 + -40 - (-2 - (-2 - -3)).
11
What is the value of -9 + (-9 - -10) - -15 - 12?
-5
(0 - -4) + -21 - (-5 - 2)
-10
What is the value of 12 + -2 + (3 - -3) + (2 - 8)?
10
Calculate (1 - -6) + (-17 + -1 - (281 - 280)).
-12
What is the value of (-1 - ((-3 - 30) + (22 - 14))) + -7?
17
Calculate 19 - (-20 + (-29 - -52)).
16
1 + (-10 + 10 - 10 - (-1 - 0))
-8
What is (11 - 3) + -53 + 49?
4
What is -59 + 19 + 64 + 6?
30
Calculate -30 + 11 - (-15 + 3 + 2).
-9
Evaluate 2 + 3 + (-1 - (3 - 2)) + 3.
6
What is 10 - (11 - (7 + -16)) - (-1 + -28)?
19
Calculate -4 + (42 - 19) + 18 - 6.
31
Calculate (-26 + (27 - 14) - (-6 + -2)) + -29.
-34
Evaluate 13 + 2 + (0 - 1 - (6 - 3)).
11
What is -1 - (0 - 1 - (-21 + 20)) - -11?
10
Evaluate 174 + -164 + -2 + 1.
9
What is the value of -31 + (0 - -32) - 28?
-27
Calculate -8 + (9 - -1 - (-17 - -16)).
3
Calculate 0 + -12 - (10 + -9 + -4).
-9
Evaluate 1 + -24 + (8 - -6).
-9
-3 + 1 - ((-10 - -6) + -14 - -1)
15
Evaluate 13 + -2 - (3 - -28 - 38).
18
Calculate (-11 - (-1 + 0)) + 23 + (-24 - 6).
-17
(-19 - (-37 + 18)) + 16
16
3 + 11 + (1 + -2 + 7 - 7)
13
Calculate -12 + 0 + 19 + -8 + 0.
-1
21 + 2 - (263 